{"id":9304,"date":"2018-09-05T06:46:34","date_gmt":"2018-09-05T06:46:34","guid":{"rendered":"http:\/\/www.ticeman.fr\/lecoutelas\/?page_id=9304"},"modified":"2019-08-15T07:50:21","modified_gmt":"2019-08-15T07:50:21","slug":"creation-multimedia","status":"publish","type":"page","link":"https:\/\/www.ticeman.fr\/lecoutelas\/?page_id=9304","title":{"rendered":"Cr\u00e9ation multim\u00e9dia"},"content":{"rendered":"<ul>\n<li><a href=\"http:\/\/www.ticeman.fr\/lecoutelas\/?cat=23\">Cr\u00e9er des animations<\/a><\/li>\n<li><a href=\"http:\/\/www.ticeman.fr\/lecoutelas\/?cat=89\">Cr\u00e9er des exercices interactifs (hors quiz)<\/a><\/li>\n<li><a href=\"http:\/\/www.ticeman.fr\/lecoutelas\/?cat=91\">Cr\u00e9er des logiciels ou des applications<\/a><\/li>\n<li><a href=\"https:\/\/www.ticeman.fr\/lecoutelas\/?cat=87\">Cr\u00e9er des sites ou des pr\u00e9sentations interactives<\/a><\/li>\n<li><a href=\"http:\/\/www.ticeman.fr\/lecoutelas\/?cat=126\">Cr\u00e9er des frises chronologiques<\/a><\/li>\n<li><a href=\"http:\/\/www.ticeman.fr\/lecoutelas\/?cat=54\">Cr\u00e9er des visites en r\u00e9alit\u00e9 virtuelle<\/a><\/li>\n<li><a href=\"http:\/\/www.ticeman.fr\/lecoutelas\/?cat=128\">Cr\u00e9er des sondages<\/a><\/li>\n<li><a href=\"http:\/\/www.ticeman.fr\/lecoutelas\/?cat=52\">Cr\u00e9er des quiz<\/a><\/li>\n<li><a href=\"http:\/\/www.ticeman.fr\/lecoutelas\/?cat=139\">Cr\u00e9er des livres num\u00e9riques multim\u00e9dia<\/a><\/li>\n<li><a href=\"https:\/\/www.ticeman.fr\/lecoutelas\/?cat=102\">Diffuser des images en r\u00e9alit\u00e9 augment\u00e9e<\/a><\/li>\n<li><a href=\"https:\/\/www.ticeman.fr\/lecoutelas\/?cat=53\">Cr\u00e9er des jeux<\/a><\/li>\n<li><a href=\"https:\/\/www.ticeman.fr\/lecoutelas\/?cat=127\">Cr\u00e9er des environnements virtuels<\/a><\/li>\n<\/ul>\n","protected":false},"excerpt":{"rendered":"<p>Cr\u00e9er des animations Cr\u00e9er des exercices interactifs (hors quiz) Cr\u00e9er des logiciels ou des applications Cr\u00e9er des sites ou des pr\u00e9sentations interactives Cr\u00e9er&hellip;<a href=\"https:\/\/www.ticeman.fr\/lecoutelas\/?page_id=9304\" class=\"more-link\"><span class=\"more-button\">Continuez la lecture<span class=\"screen-reader-text\">Cr\u00e9ation multim\u00e9dia<\/span><\/span><\/a><\/p>\n","protected":false},"author":1,"featured_media":0,"parent":0,"menu_order":0,"comment_status":"closed","ping_status":"closed","template":"","meta":{"footnotes":""},"class_list":["post-9304","page","type-page","status-publish","hentry"],"_links":{"self":[{"href":"https:\/\/www.ticeman.fr\/lecoutelas\/index.php?rest_route=\/wp\/v2\/pages\/9304"}],"collection":[{"href":"https:\/\/www.ticeman.fr\/lecoutelas\/index.php?rest_route=\/wp\/v2\/pages"}],"about":[{"href":"https:\/\/www.ticeman.fr\/lecoutelas\/index.php?rest_route=\/wp\/v2\/types\/page"}],"author":[{"embeddable":true,"href":"https:\/\/www.ticeman.fr\/lecoutelas\/index.php?rest_route=\/wp\/v2\/users\/1"}],"replies":[{"embeddable":true,"href":"https:\/\/www.ticeman.fr\/lecoutelas\/index.php?rest_route=%2Fwp%2Fv2%2Fcomments&post=9304"}],"version-history":[{"count":12,"href":"https:\/\/www.ticeman.fr\/lecoutelas\/index.php?rest_route=\/wp\/v2\/pages\/9304\/revisions"}],"predecessor-version":[{"id":10724,"href":"https:\/\/www.ticeman.fr\/lecoutelas\/index.php?rest_route=\/wp\/v2\/pages\/9304\/revisions\/10724"}],"wp:attachment":[{"href":"https:\/\/www.ticeman.fr\/lecoutelas\/index.php?rest_route=%2Fwp%2Fv2%2Fmedia&parent=9304"}],"curies":[{"name":"wp","href":"https:\/\/api.w.org\/{rel}","templated":true}]}}